 of 2445 and 659335?
815
Calculate the greatest common divisor of 18 and 14423856.
6
What is the greatest common factor of 1 and 24763489?
1
What is the highest common divisor of 189095126 and 127?
127
Calculate the highest common factor of 63614107 and 30762.
1709
Calculate the highest common divisor of 189288666 and 129.
129
What is the highest common divisor of 74097560 and 60?
20
What is the greatest common factor of 13772 and 1175619236?
13772
Calculate the greatest common factor of 356 and 75017032.
356
Calculate the highest common divisor of 1364 and 769609038.
682
Calculate the highest common factor of 18225 and 2355.
15
What is the highest common factor of 7895534 and 584?
146
Calculate the highest common divisor of 27354030 and 7656.
66
Calculate the greatest common factor of 14215400 and 90650.
1850
What is the greatest common divisor of 1200 and 3887940?
60
What is the highest common factor of 6 and 73289037?
3
Calculate the greatest common factor of 45135111 and 10794.
5397
What is the highest common factor of 150002 and 156088?
358
Calculate the greatest common factor of 26007219 and 1425.
57
What is the highest common factor of 42728 and 1704?
8
Calculate the greatest common divisor of 4156 and 25143800.
4156
Calculate the highest common factor of 10612125 and 1125.
1125
What is the highest common divisor of 124192 and 70816?
32
Calculate the greatest common factor of 127272260 and 1720.
860
Calculate the highest common factor of 6276 and 3381648.
12
Calculate the highest common divisor of 69 and 73400889.
69
What is the highest common divisor of 1970 and 7010?
10
What is the greatest common factor of 33 and 1283925?
3
Calculate the highest common divisor of 174 and 303388546.
58
Calculate the greatest common divisor of 207192 and 90.
6
What is the greatest common factor of 42309752 and 8?
8
Calculate the greatest common factor of 488 and 559669022.
122
What is the highest common factor of 103124 and 53368?
28
What is the highest common factor of 190 and 6667385?
95
What is the highest common factor of 12 and 101895798?
6
Calculate the greatest common divisor of 1089 and 2096127.
99
What is the greatest common factor of 135 and 1641546?
27
What is the highest common factor of 651357 and 117738?
1899
Calculate the greatest common factor of 1016862737 and 33.
11
Calculate the greatest common factor of 2422 and 23994754.
2422
What is the highest common factor of 1445987 and 23?
23
Calculate the highest common divisor of 7093 and 48626.
41
What is the highest common divisor of 14 and 989160844?
14
What is the highest common divisor of 2369328 and 117?
39
What is the highest common factor of 20988 and 6174?
18
Calculate the highest common factor of 68826614 and 524.
262
What is the highest common factor of 37102 and 16129381?
1427
Calculate the greatest common divisor of 612 and 3309804.
36
Calculate the highest common divisor of 7765271 and 342397.
1831
What is the highest common factor of 53703 and 623883?
663
Calculate the greatest common divisor of 143891 and 209.
11
What is the greatest common divisor of 3 and 1520721?
3
Calculate the highest common factor of 10455926 and 5811.
1937
What is the greatest common divisor of 228340 and 7372540?
980
Calculate the greatest common divisor of 249 and 110211135.
249
What is the greatest common divisor of 9665982 and 18?
18
What is the highest common factor of 5069 and 8182?
1
What is the highest common divisor of 840780 and 48060?
540
Calculate the highest common divisor of 27945 and 1160879.
23
What is the greatest common factor of 175640104 and 152?
152
What is the greatest common factor of 9025 and 141210565?
1805
Calculate the highest common factor of 235 and 10534580.
235
What is the highest common divisor of 10251 and 740149?
67
What is the highest common divisor of 247356190 and 284?
142
What is the greatest common divisor of 2069949 and 669739?
1687
What is the greatest common factor of 6486 and 9314?
2
Calculate the greatest common factor of 62 and 1973337147.
31
Calculate the highest common divisor of 3174020478 and 81.
81
What is the highest common factor of 1681883963 and 677?
677
Calculate the highest common divisor of 43073 and 231553.
19
What is the greatest common divisor of 329376 and 744?
24
Calculate the highest common factor of 636 and 175548.
12
Calculate the highest common divisor of 5111 and 933667258.
5111
What is the highest common divisor of 346805967 and 51?
51
What is the highest common divisor of 390922 and 15288?
98
What is the greatest common divisor of 190 and 21935880?
190
What is the highest common factor of 32574 and 169011?
267
What is the highest common divisor of 10070 and 3866244?
106
What is the highest common factor of 978327 and 47488?
371
Calculate the greatest common factor of 241691450 and 14.
14
What is the highest common factor of 2781956 and 1258?
74
What is the highest common divisor of 934622 and 43363?
103
Calculate the greatest common factor of 2445595 and 25315.
415
What is the greatest common divisor of 2925 and 10268050?
325
Calculate the highest common factor of 990 and 533709990.
990
Calculate the highest common divisor of 920025 and 624225.
2175
Calculate the greatest common factor of 690 and 19519686.
138
Calculate the highest common factor of 10448259 and 7646.
3823
What is the greatest common divisor of 1764 and 16209984?
588
Calculate the highest common factor of 48 and 569832.
24
Calculate the greatest common factor of 33638 and 139756716.
3058
Calculate the highest common factor of 144 and 432768222.
18
What is the highest common factor of 9073713 and 132?
33
Calculate the highest common factor of 95 and 318880895.
95
What is the greatest common divisor of 64 and 59152?
16
Calculate the greatest common factor of 15406 and 353714057.
7703
Calculate the highest common factor of 296868 and 137709.
429
What is the greatest common divisor of 3930 and 472100289?
393
Calculate the greatest common factor of 50518434 and 36.
6
What is the highest common factor of 892557358 and 5236?
2618
Calculate the highest common factor of 36464 and 6448.
16
Calculate the greatest common divisor of 61 and 421490541.
61
What is the highest common divisor of 899 and 1257295?
29
Calculate the greatest common divisor of 21 and 32107383.
21
Calculate the highest common factor of 104 and 5317880.
8
Calculate the greatest common factor of 50 and 53380230.
10
Calculate the greatest common divisor of 214 and 82026949.
107
Calculate the highest common divisor of 898854569 and 149.
149
Calculate the greatest common divisor of 80 and 4270490.
10
Calculate the highest common divisor of 1122 and 6528544.
374
What is the greatest common factor of 123188 and 104052?
1196
What is the greatest common factor of 901417 and 25080?
209
Calculate the greatest common factor of 2460 and 7547116.
164
What is the greatest common factor of 396 and 15532572?
132
What is the highest common factor of 22 and 53628421?
11
What is the highest common divisor of 1390336 and 6783319?
5431
What is the greatest common divisor of 212708 and 22960?
164
Calculate the highest common divisor of 33522886 and 428.
214
What is the greatest common divisor of 16 and 1154978?
2
Calculate the greatest common factor of 5744 and 53743736.
2872
What is the greatest common factor of 24540 and 391880?
20
Calculate the highest common divisor of 43061 and 247673.
289
What is the highest common divisor of 19888844 and 85?
17
Calculate the highest common divisor of 47684 and 26746532.
524
What is the greatest common factor of 95850 and 1194?
6
Calculate the greatest common divisor of 90533620 and 160.
20
What is the highest common divisor of 27081875 and 625?
625
Calculate the highest common divisor of 5949959 and 2.
1
What is the greatest common factor of 30618310 and 290?
10
What is the greatest common divisor of 1604044 and 575302?
2834
Calculate the greatest common factor of 86 and 2557381742.
86
What is the highest common divisor of 18627056 and 112?
112
What is the highest common divisor of 15983440 and 1100?
220
Calculate the highest common divisor of 11179 and 11445.
7
Calculate the highest common divisor of 8211412 and 671.
11
Calculate the greatest common factor of 459668 and 338348.
1348
Ca